e number?
True
Is 31644577 a prime number?
True
Is 255804587 a composite number?
True
Is 7054543 a prime number?
True
Is 178792177 prime?
False
Is 67201367 composite?
True
Is 5959739 a composite number?
False
Is 11503735 prime?
False
Is 2621261 a prime number?
False
Is 653431 composite?
False
Is 97217933 a prime number?
False
Is 7322731 a composite number?
True
Is 1426897 composite?
True
Is 2513039 composite?
False
Is 42378731 composite?
True
Is 37436831 a prime number?
True
Is 13010843 composite?
False
Is 1173917 prime?
True
Is 38600741 a composite number?
False
Is 31420519 prime?
False
Is 3180857 composite?
True
Is 1758763 a composite number?
True
Is 102220357 composite?
True
Is 52950947 a prime number?
False
Is 9058523 a prime number?
True
Is 6820769 prime?
True
Is 27725303 prime?
True
Is 31125161 prime?
True
Is 262938941 composite?
False
Is 1302439 prime?
False
Is 6124211 prime?
False
Is 523215059 a prime number?
True
Is 4473299 a prime number?
True
Is 4699837 a composite number?
True
Is 444589 a prime number?
True
Is 9935381 a prime number?
True
Is 9603443 prime?
False
Is 97705643 a composite number?
True
Is 4107329 a prime number?
True
Is 377981 a composite number?
False
Is 28448951 composite?
True
Is 15067543 a prime number?
True
Is 15997951 prime?
False
Is 61798327 a prime number?
False
Is 6266927 a prime number?
True
Is 5976319 composite?
False
Is 203865509 a prime number?
False
Is 13102151 prime?
True
Is 4946989 a prime number?
True
Is 7853 a composite number?
False
Is 288173651 prime?
True
Is 86524751 a prime number?
False
Is 47965501 prime?
False
Is 72806951 a composite number?
True
Is 2097059 a composite number?
True
Is 982963 a composite number?
True
Is 46112377 a composite number?
False
Is 2642623 prime?
False
Is 3460495 a composite number?
True
Is 35341078 a composite number?
True
Is 5923003 a composite number?
True
Is 294241751 prime?
True
Is 138180061 composite?
False
Is 18201719 a prime number?
True
Is 127717391 composite?
True
Is 2870447 prime?
True
Is 32130779 a composite number?
False
Is 2187863 prime?
True
Is 8240541 prime?
False
Is 101772149 a prime number?
False
Is 182769503 composite?
True
Is 57544831 prime?
True
Is 376529159 a prime number?
False
Is 2284109 composite?
False
Is 1552757 composite?
False
Is 2989271 a prime number?
True
Is 14477149 a composite number?
True
Is 832255783 composite?
False
Is 8363483 a composite number?
False
Is 4910414 a composite number?
True
Is 179572081 prime?
False
Is 249804251 composite?
True
Is 11106583 a composite number?
True
Is 115597411 a prime number?
True
Is 4803091 a composite number?
False
Is 49893553 composite?
False
Is 4887763 composite?
False
Is 4235963 composite?
False
Is 805397 a prime number?
True
Is 52443007 prime?
True
Is 73335715 composite?
True
Is 110049418 prime?
False
Is 28259765 composite?
True
Is 5131559 prime?
False
Is 11215871 composite?
True
Is 2201669 prime?
True
Is 1309377 composite?
True
Is 2319503 prime?
True
Is 461561 prime?
True
Is 27706001 a prime number?
True
Is 23378329 a composite number?
True
Is 105782387 composite?
False
Is 29311663 a composite number?
True
Is 64276417 a composite number?
True
Is 20544778 composite?
True
Is 23146811 composite?
False
Is 132536665 composite?
True
Is 20242687 a prime number?
True
Is 52129513 a composite number?
True
Is 211743613 composite?
True
Is 13794373 a prime number?
True
Is 7238783 a composite number?
False
Is 8704253 composite?
False
Is 3447973 a prime number?
False
Is 15431561 a composite number?
False
Is 4587269 a prime number?
True
Is 28944599 a composite number?
True
Is 1760094293 a prime number?
True
Is 33710855 a prime number?
False
Is 6222817 composite?
False
Is 1006771 composite?
True
Is 81590917 prime?
True
Is 11753737 prime?
True
Is 93847649 composite?
True
Is 2798365 prime?
False
Is 122128247 prime?
False
Is 6329447 a prime number?
True
Is 1359301 prime?
False
Is 31600921 prime?
False
Is 7591354 a prime number?
False
Is 430546 a composite number?
True
Is 19630337 a prime number?
True
Is 3980299 a composite number?
False
Is 31440983 a composite number?
True
Is 12418723 prime?
False
Is 721843373 composite?
False
Is 2148491 a prime number?
True
Is 835702823 composite?
False
Is 8211201 prime?
False
Is 421783 composite?
False
Is 6506789 prime?
True
Is 341171 composite?
False
Is 85381323 prime?
False
Is 2821957 composite?
False
Is 5745197 a composite number?
False
Is 11923339 a composite number?
False
Is 1267835 prime?
False
Is 4781429 composite?
False
Is 23034703 a composite number?
True
Is 98317 a prime number?
True
Is 2006111 composite?
False
Is 60695797 a prime number?
False
Is 73428289 prime?
False
Is 24343303 a prime number?
False
Is 4939477 a composite number?
True
Is 13496701 a composite number?
False
Is 599090351 composite?
False
Is 2032061 a prime number?
False
Is 12950174 a composite number?
True
Is 27734149 a composite number?
True
Is 986433413 a composite number?
True
Is 12347291 a composite number?
True
Is 6402793 composite?
True
Is 8443213 a prime number?
True
Is 89931007 prime?
True
Is 13639243 composite?
False
Is 190541809 composite?
False
Is 4556589 prime?
False
Is 3700409 composite?
False
Is 1187593607 composite?
False
Is 246746 a composite number?
True
Is 8761537 a prime number?
True
Is 38282789 prime?
True
Is 921391 prime?
False
Is 8301201 composite?
True
Is 388436219 a composite number?
False
Is 10493 composite?
True
Is 57586535 a prime number?
False
Is 87603421 composite?
True
Is 23495129 prime?
False
Is 90927607 a prime number?
False
Is 279443797 a prime number?
False
Is 24028889 composite?
False
Is 12504757 prime?
True
Is 387229 a prime number?
False
Is 83767727 a prime number?
False
Is 4589657 composite?
False
Is 843701 composite?
False
Is 926767 prime?
True
Is 7421963 a prime number?
True
Is 1195421 a composite number?
False
Is 45907567 composite?
False
Is 110851987 composite?
True
Is 27488449 prime?
False
Is 10153093 a prime number?
True
Is 23877953 a prime number?
False
Is 72607277 composite?
True
Is 622819207 composite?
True
Is 18127607 prime?
True
Is 2815547 a composite number?
True
Is 24987949 prime?
False
Is 1133039 a prime number?
True
Is 261859 a prime number?
False
Is 48660503 a prime number?
True
Is 6429011 prime?
False
Is 453641173 a prime number?
True
Is 3357151 prime?
False
Is 23126521 a composite number?
True
Is 380012093 composite?
True
Is 161537741 a composite number?
False
Is 25313837 composite?
False
Is 5205653 a composite number?
False
Is 48861397 composite?
True
Is 4157021 prime?
False
Is 1266631 a prime number?
True
Is 1155887 a prime number?
False
Is 3544201 a composite number?
False
Is 20161861 a prime number?
False
Is 360001 prime?
False
Is 45267727 composite?
False
Is 6473119 prime?
False
Is 2274887 a prime number?
True
Is 764926 prime?
False
Is 777509 a prime number?
False
Is 12829129 prime?
True
Is 4909717 composite?
False
Is 77500457 a prime number?
False
Is 14532433 prime?
False
Is 6260621 prime?
False
Is 11686309 a prime number?
False
Is 2301271 a prime number?
False
Is 33679721 a prime number?
True
Is 4276721 a composite number?
False
Is 17076733 a composite number?
True
Is 87483917 a composite number?
True
Is 57265039 a prime number?
False
Is 13509403 a composite number?
True
Is 289283 composite?
False
Is 1351373 prime?
True
Is 266395 a composite number?
True
Is 161387657 a prime number?
False
Is 290029771 prime?
True
Is 9236359 a composite number?
True
Is 87833 prime?
True
Is 507667 a composite number?
False
Is 5176217 composite?
False
Is 5968549 a composite number?
False
Is 82461419 a composite number?
True
Is 1176943987 prime?
True
Is 62496503 a prime number?
True
Is 579610895 a prime number?
False
Is 34111351 prime?
False
Is 605385457 a prime number?
False
Is 307969 composite?
False
Is 828893 a composite number?
True
Is 191870479 a composite number?
True
Is 231809 prime?
True
Is 27617327 prime?
True
Is 5462713 prime?
False
Is 518207 prime?
True
Is 974033 composite?
False
Is 53668247 a composite number?
False
Is 2278589 a prime number?
False
Is 5914 a prime number?
False
Is 327491 prime?
True
Is 228822541 composite?
True
Is 12015357 a composite number?
True
Is 177898459 a prime number?
True
Is 4008587 composite?
True
Is 36109803 prime?
Fals